emainder when 10 is divided by y(4)?
2
Suppose -h - 41 = -3*j + 3*h, -5*j + 65 = -5*h. Let y be (0 + 0)/((-4)/(-4)). Let a = 20 + y. What is the remainder when a is divided by j?
9
Let c be (-1)/(-2)*(-2 + 2). Let d be -4*((-14)/4 - c). Let s = d + -8. What is the remainder when 17 is divided by s?
5
Let k be 3*5/(30/4). Let o(r) = 9 + r + 0 - k*r. What is the remainder when 25 is divided by o(0)?
7
Suppose 16*q - 5 = 15*q. What is the remainder when 28 is divided by q?
3
Suppose 0 = -5*o + 4 - 14. What is the remainder when 25 is divided by ((-56)/32)/(o/16)?
11
Let p(s) be the first derivative of -2*s**2 - 5*s + 3. Let g be p(-6). Suppose 0 = 4*k, n + 0*n - g = 2*k. Calculate the remainder when n is divided by 10.
9
Let r(o) = -7*o**2 - o + 1. Let i be r(1). Let t = i - -8. Calculate the remainder when t is divided by 1.
0
What is the remainder when 31 is divided by (6/16*4)/(12/88)?
9
Suppose -4*q + 73 = -11. Let r = 19 - 13. Suppose 0 = -r*a + 11*a - 30. Calculate the remainder when q is divided by a.
3
Suppose 0 = 5*l - 20 - 30. Suppose l = 4*v + v. Let x = v - 1. Calculate the remainder when 2 is divided by x.
0
Let u = 33 - 27. Let m(a) = -a**3 - 8*a**2 + 8*a + 1. Let s be -1 - (-2 + 9 - -1). What is the remainder when m(s) is divided by u?
4
Let s = -13 - -15. Suppose 2*j = -4*a + 30, s*a = -5*j - 3*a + 75. What is the remainder when j is divided by 8?
7
Let m be (-40)/(-8)*(-1 - -2). Suppose 0*t + 145 = m*t. Calculate the remainder when t is divided by 8.
5
Let m = 10 - 8. Suppose -5*x - 14 = 2*s - 67, 2*x - m*s = 10. Let j = 38 - 14. What is the remainder when j is divided by x?
6
Suppose 0 = -3*g - 92 + 140. Calculate the remainder when 27 is divided by g.
11
What is the remainder when 7 is divided by (-319)/(-99) + 2/(-9)?
1
Suppose -4*w - 3 = -5*w. What is the remainder when 30 is divided by 24*(8/w - 2)?
14
Suppose v = -v + 82. Suppose -85 = -5*m + 4*f, 3*m - v = m + 3*f. Calculate the remainder when m is divided by 5.
3
Let w be (-2)/12 + 1025/30. Suppose -b + w = -0*b. Calculate the remainder when b is divided by 12.
10
Let s(d) = d**3 + 7*d**2 - 10*d. Let x = -2 + 4. Let z(o) = -5*o + 2. Let b be z(x). Calculate the remainder when 31 is divided by s(b).
15
Let h = -21 - -34. What is the remainder when h is divided by 3?
1
Let p(o) = 4*o + 2. Let z be p(8). What is the remainder when (0 + -1)/((-1)/z) is divided by 9?
7
Suppose 29 = 2*q + 17. What is the remainder when 20 is divided by q?
2
Let x(q) = 4*q**2 + 0 + q**3 - 9 - 8*q + q**2. Let i = -4 + 8. What is the remainder when i is divided by x(-6)?
1
Let u = -1 + -1. Let i(c) = -c + 26. What is the remainder when i(0) is divided by (-3 - -2)*(-7 + u)?
8
Let q(h) = -h**2 - 27*h - 38. What is the remainder when q(-23) is divided by 11?
10
Let x(b) = -4*b**2 + 2*b - b + 40*b**2. Suppose -5 = -3*k - 11, 0 = -4*n + k + 54. Calculate the remainder when x(1) is divided by n.
11
Suppose 0 = 3*y + 6*y - 135. Calculate the remainder when 41 is divided by y.
11
Suppose 5*y - 8 = 12. Let o(j) = 4*j**2 - 2*j - 3. Calculate the remainder when o(-2) is divided by y.
1
Suppose 0 = -2*p - 8*p + 130. Calculate the remainder when 24 is divided by p.
11
Suppose 0 = 3*i + 7 - 49. What is the remainder when (-2 + (-2 - -5))*54 is divided by i?
12
Let t(g) = 2*g + 6. Calculate the remainder when 34 is divided by t(3).
10
Suppose 27 = 5*j - 38. Suppose 3*c - j = 110. What is the remainder when c is divided by (105/(-10))/(1/(-2))?
20
Suppose -9*l + 100 = -8. Calculate the remainder when l is divided by 9.
3
Suppose i + 1 = 3. Let h(a) = -a**3 + 9*a**2 - 9*a + 3. Let t be h(8). What is the remainder when i is divided by t/(-2) - (-1)/(-2)?
0
Let p(m) = -2*m - 29. Let a be p(-15). Let g(j) = 13*j**2 - 3 + 3. Calculate the remainder when 24 is divided by g(a).
11
Let a = 198 - 155. Calculate the remainder when a is divided by 7.
1
Suppose -57 - 9 = -4*s + g, -4*s + 5*g = -74. Suppose j + j - l + 6 = 0, -4*j = 5*l - s. Let b = 3 - j. What is the remainder when 6 is divided by b?
2
Let o = 15 + 16. What is the remainder when 90 is divided by o?
28
Suppose d + d = 0. Let c = 4 - d. Suppose 20 = 2*h - 0*h. What is the remainder when h is divided by c?
2
Suppose l = 4, 0 = -2*y - 0*l - 3*l + 22. Let g be -1 - (-8 + (-4)/(-2)). Suppose 0 = -5*p + 10 + g. What is the remainder when y is divided by p?
2
Suppose 2*u + 0*u = f, 5*u + 3*f - 22 = 0. Suppose 48 = 3*s + 2*s - u*w, 5*s - 47 = 3*w. Calculate the remainder when 37 is divided by s.
7
Suppose 0 = q - 0*q - 25. Let l = q - 11. What is the remainder when 41 is divided by l?
13
Suppose -4*a + 40 = a. Suppose 4 + 11 = 3*j. What is the remainder when a is divided by j?
3
Let s = 16 + 62. Calculate the remainder when 4/(-8) - s/(-4) is divided by 7.
5
Suppose 4*f - 48 = -4*g - 0*f, 0 = g + 5*f - 8. What is the remainder when g is divided by 8?
5
Let k be (-27)/5 + (-4)/(-10). Calculate the remainder when (-16)/(-6)*(k + 11) is divided by 9.
7
What is the remainder when (-6)/15 - (-2 - 67/5) is divided by 11?
4
Let q = -42 - -88. Calculate the remainder when q is divided by 12.
10
Let m(x) = x**2 - 3*x - 3. Let a be m(4). Let r be a + 0 - -1 - -32. Suppose -r = -4*y + 2*y. Calculate the remainder when y is divided by 6.
5
Suppose -3*u - 19 - 2 = 0. Let l = u + 24. Calculate the remainder when (-341)/(-7) - (-4)/14 is divided by l.
15
Suppose 8*l = 3*l. Suppose 2*n - 98 = -2*z, 45 = n - l*n - z. Let p(m) = -m**2 - 7*m + 4. What is the remainder when n is divided by p(-4)?
15
Suppose -2*j + 4*j + 2 = 0, -135 = -2*m + j. Suppose -3*t + 5*c + 74 = 0, 0 = -c + 6*c + 5. Calculate the remainder when m is divided by t.
21
Suppose 0 = -4*i + 2*i + 16. Let k(p) = p**2 - 7*p - 4. Let c be k(i). Let w(y) = 3*y - 3. Calculate the remainder when 15 is divided by w(c).
6
Let n(k) = k**2 - 3*k + 1. Let v(b) = -b**2. Let w(q) = 3*q**2 + 2*q - 4. Let x(r) = -4*v(r) - w(r). Calculate the remainder when n(6) is divided by x(3).
5
Suppose -3*t - 89 + 29 = 0. What is the remainder when (-4)/(-6)*(7 - t) is divided by 7?
4
Let m = 2 - 1. Let v(t) = 5*t**2 + t - 1. What is the remainder when v(m) is divided by 3?
2
Suppose c = -18 + 50. Calculate the remainder when 61 is divided by c.
29
Let l(g) = -g**2 + 4. Let q be l(3). Let s = 11 + q. Calculate the remainder when ((-17)/(-2))/(2/4) is divided by s.
5
Let p(b) = b**3 + 12*b**2 + 23*b + 17. Calculate the remainder when p(-9) is divided by 18.
17
Suppose 0 = x + 4*i + 3, 3*x + x + i = 48. Let y = x + 6. What is the remainder when y is divided by 7?
5
Let z = -4 + 1. Let h(r) = r**3 + 4*r**2 - 5*r - 3. Let n be h(-4). Calculate the remainder when (2 - n/z)*3 is divided by 12.
11
Let o(l) = -l**3 - 17*l**2 + 33*l + 19. Suppose 3*i = 5*m + 72, 0 = i + i - 3*m - 49. Calculate the remainder when o(-19) is divided by i.
27
Suppose 3*u - 94 = -25. Calculate the remainder when 90 is divided by u.
21
Suppose k - 16 = -12. Let j(v) = -v. Let x be j(-1). What is the remainder when 18/(5 + -2)*x is divided by k?
2
Let y(p) = 5*p**2 + 3 + 0*p**3 - p**3 + 4 - 3 + 5*p. Let j be y(6). What is the remainder when 32 is divided by (-42)/(-4) - j/4?
10
Let k = 6 - 1. Suppose -89 = -5*m - 0*m - 2*o, -k*o - 15 = 0. Calculate the remainder when 74 is divided by m.
17
Suppose 2 + 0 = p - 2*l, l - 1 = 0. What is the remainder when (-16)/6*(-42)/p is divided by 10?
8
Let g = 11 + -6. Suppose 0*b + 4*a - 17 = -b, 2*a + 19 = g*b. Calculate the remainder when b is divided by 3.
2
Let i = -225 - -411. Let c be (-6)/(-4) + (-70)/(-28). Calculate the remainder when i/c*24/18 is divided by 16.
14
Let k(w) = 8*w**2 + w + 3. Let z be k(3). What is the remainder when 54 is divided by 1080/z + 2/13?
12
Let g = 69 + -22. Calculate the remainder when g is divided by 17.
13
Suppose -5*r - 3*t + 0*t = 5, -3*t = r + 13. Suppose r*w - 14 + 4 = 0. Calculate the remainder when w is divided by 4.
1
Let i = 1 - -5. Suppose -160 = 2*q + 5*z, -5*z = -2*q - 204 + 84. What is the remainder when 23 is divided by (-4)/(-12) - q/i?
11
Let q(m) = -6*m + 9. Let h = 0 + -3. Let x(u) = -2*u + 3. Let k(l) = h*q(l) + 8*x(l). Calculate the remainder when 4 is divided by k(3).
1
Let f(q) be the second derivative of 0*q**3 + 0 + 0*q**4 + 1/10*q**5 - 3/2*q**2 - q. Calculate the remainder w